 the prime factors of o?
2
Suppose 2*x + 4*d - 80 = 0, -2*x + 2*d + 80 = -0*d. List the prime factors of x.
2, 5
Suppose u = 3*l - 0*u - 43, -73 = -3*l - 5*u. Suppose 5*h + 37 = 182. Let a = h - l. What are the prime factors of a?
13
Suppose -2*f + 0*f - 2 = 0. Let d = -1 - f. Suppose 0 = -d*m + m - 10. What are the prime factors of m?
2, 5
Let x = -20 - -24. What are the prime factors of x?
2
Suppose 5*q - 33 = 132. What are the prime factors of q?
3, 11
Suppose 2*i - 113 - 19 = 0. What are the prime factors of i?
2, 3, 11
Suppose 2*k - 161 = k. Suppose 5*q + r - k = 0, -79 = -3*q + r + 16. Suppose -3*o = -5*o + q. List the prime factors of o.
2
Suppose 2*l + 4*g - 102 = 0, 0 = -4*l - 5*g + 3*g + 174. Suppose 4*t - 5*j - 143 = -21, t - l = -4*j. What are the prime factors of t?
3, 11
Let y = 21 - 20. List the prime factors of ((-1)/1)/(y/(-29)).
29
Let r be -1 + (-14)/2 + 2. Let f = r - -17. Suppose d = -0*d + f. What are the prime factors of d?
11
Suppose 6 = -2*g, g = 3*i - 2*g - 15. Suppose i*m - 5*b - 12 = 0, m = b + 4*b + 6. Suppose m = -4*r + 14. List the prime factors of r.
2
Suppose 0 = -3*f - 1 + 4. Let h be 2*f/2*4. Let o = 16 - h. What are the prime factors of o?
2, 3
Let t = 25 - 14. Suppose t + 1 = j. What are the prime factors of j?
2, 3
Let x(z) = z**3 + 6*z**2 - 8*z - 4. Let t be x(-7). Let v(j) = j**3 - 2*j**2 - 1. What are the prime factors of v(t)?
2
Let v(n) = n**2 - 1. Let h be v(-2). Suppose h*i = o - 3, -4*i = 4*o - 3 - 9. Suppose 3*y - y - 12 = i. What are the prime factors of y?
2, 3
List the prime factors of -102*((-2)/(-12))/((-9)/27).
3, 17
Suppose -5*p + 332 = -p. List the prime factors of p.
83
Let f be -3 + -1 + (-44)/(-4). Suppose 0 = -2*t + f*t - 125. List the prime factors of t.
5
Let q(l) = 2*l + 5. Let y be q(0). Suppose d + 4*p = 1 + 5, 3*p - 115 = -y*d. What are the prime factors of d?
2, 13
Suppose 0 = 3*z - 8*z. Suppose 0*b + 2*b - 36 = z. What are the prime factors of b?
2, 3
Let p = -12 - -17. Let o(b) = -6*b + 6. Let a be o(p). What are the prime factors of -8*(-4)/(a/(-9))?
2, 3
List the prime factors of (-1)/(-3) - (3 + (-2208)/18).
2, 3, 5
Let d(x) = x**3 + 6*x**2 + 2*x + 5. List the prime factors of d(-4).
29
Let s(c) = -c**3 - 8*c**2 - 8*c - 2. Let t be s(-7). Suppose 8 = -t*z + 3. What are the prime factors of 33*2/(-6)*z?
11
Let b(d) = -d**3 + 6*d**2 - 5*d + 9. Let s be b(6). What are the prime factors of (s/6)/(1/(-2))?
7
Suppose 4*k = -k + 20. Suppose -3*x + l + 47 = 0, -23 = -2*x - 5*l + k*l. List the prime factors of x.
2, 7
Let k(n) = 2*n - 5. Suppose 0 = -p + 9 - 4. List the prime factors of k(p).
5
Let n(v) = v**3 - 5*v**2 + 3*v + 7. Let h be n(5). Suppose -h + 8 = -2*i. What are the prime factors of i?
7
Let n(g) = g**3 + 4*g**2 - 5*g + 6. Let v(b) be the second derivative of -b**4/12 + b**3 + b**2 - 2*b. Let k be v(7). List the prime factors of n(k).
2, 3
List the prime factors of (-5 - -482)/(3/2).
2, 3, 53
Suppose -3 = -5*w + 7. Suppose 13 - 1 = w*h. List the prime factors of h.
2, 3
Let z = 29 - 24. Suppose 2*g - 3 - 7 = 0. Suppose g = v - z. What are the prime factors of v?
2, 5
Let x(o) = -o**2 + 2*o - 1. Let u be x(1). Suppose l - 31 = -u*l. What are the prime factors of l?
31
Let v(w) = -12*w. Suppose 4*p + 20 = 3*i, i = 4*p + 3*i. List the prime factors of v(p).
2, 3
Let s(x) = -3*x**3 + x**2 + 2. Let g be s(2). Let m = 9 - g. Suppose 5*y = -2*f + 29, 0 = -3*f + 2*f - 5*y + m. What are the prime factors of f?
2
What are the prime factors of (-1)/(-5) + (-128)/(-10)?
13
Let u(d) be the second derivative of -d**3/6 - 3*d**2/2 - 2*d. Let y be u(-6). Suppose 4*i + 2*w = -3*w + 1, -y*i = -4*w - 24. List the prime factors of i.
2
Let p = -16 - -18. Suppose -p*h - 2*g = -2, -4*g - g = -h + 31. What are the prime factors of h?
2, 3
Let l be -1 - (-2)/((-6)/9). Let p = l - -4. Suppose -3*t - 3*m + 4 - 1 = 0, 4*t + 5*m = p. List the prime factors of t.
5
Let q(f) = 3*f**2 + 9*f - 21. List the prime factors of q(7).
3, 7
Let h = -7 + 30. Let b = h + -16. Let s = -2 + b. What are the prime factors of s?
5
Let h(i) = -i + 11. Let j be h(9). Suppose 1 = -d + j*k, 0*d + 5*d + 2*k = 19. Suppose d*a + 11 - 59 = -r, -3*a + 36 = -3*r. What are the prime factors of a?
3, 5
Suppose 3*k - 6*k - 12 = -3*v, -7 = -2*v + k. List the prime factors of v.
3
Let h(t) = -2*t - 8. Let j be h(-6). List the prime factors of 16/(-4) - (-28)/j.
3
Let c(t) = -t**2 + t + 2. Let o be c(-2). Let h be (-170)/(-4) - o/8. Suppose 5*w - f = 66, f - h = -3*w + 5*f. What are the prime factors of w?
13
Suppose 0 = 5*j - c - 15, 0 = -j + c - 0*c - 1. Let v(g) = -g**3 + 5*g**2 + g + 3. List the prime factors of v(j).
23
Let j(c) = -4*c - 15*c**2 + 6 - 12*c**2 + 29*c**2. What are the prime factors of j(5)?
2, 3
Let t(d) be the third derivative of -d**6/120 + 3*d**5/20 - d**4/3 + 2*d**3 + d**2. What are the prime factors of t(8)?
2, 3
Let h be 4/(-3)*(-18)/4. Let k = h - 3. What are the prime factors of k + (2 + -1)*-1?
2
Let w(c) = -c**3 - 11*c**2 - 8*c + 25. What are the prime factors of w(-10)?
5
Suppose 2*q - 47 = -5*j + 52, 4*q = -2*j + 206. List the prime factors of q.
2, 13
Let q = 111 - 26. Suppose -h - 4*h = -q. List the prime factors of h.
17
Suppose -14*s + 10 = -9*s. Suppose s*y = 127 - 49. List the prime factors of y.
3, 13
Suppose -3*r + 87 = -6*r. Let o = r - -61. What are the prime factors of o?
2
Let f(s) = s - 11*s**3 + 7*s**2 - 2 - 5 + 12*s**3. List the prime factors of f(-6).
23
Suppose -5*p = 0, -8*p + 4*p + 515 = 5*j. List the prime factors of j.
103
Let n be 2/(1 - 4/8). List the prime factors of 3*(n + -2 + 1).
3
Suppose -368 - 172 = -5*p. What are the prime factors of p?
2, 3
Let k = 5 - 0. Suppose -14 - 106 = -k*d. List the prime factors of d.
2, 3
Let p = 2 - -6. List the prime factors of p.
2
Let f = -44 - -79. Suppose -f = -v - 12. What are the prime factors of v?
23
Suppose -4*c + 2*x = -0*x - 2, -4*x + 4 = -4*c. Suppose 2*w - 64 = -4*n, -w = w - c*n - 46. Suppose 77 = 3*y + w. What are the prime factors of y?
17
Let b(w) = 8 + 18 - 10 - 4*w**2 + 3*w**2. List the prime factors of b(0).
2
Suppose 3874 = -5*l + 18*l. List the prime factors of l.
2, 149
Suppose 26 = 4*w - 2*w. What are the prime factors of w?
13
Let p be 1/2*0/(-4). Suppose q + 4*q - 55 = p. List the prime factors of q.
11
Let p(u) = 1 + 0*u - 12 - 2*u + u. Let m be p(-7). Let i(h) = -3*h - 6. What are the prime factors of i(m)?
2, 3
Suppose -6 = -4*p + 3*p. List the prime factors of p.
2, 3
Let l(n) = -n**3 - 3*n**2 - 3*n - 1. Suppose -4*h - 20 = h. What are the prime factors of l(h)?
3
Let b(v) = 4*v - 2. Let z(t) be the second derivative of t**3/6 + t**2/2 + 2*t. Let y(o) = b(o) - 2*z(o). What are the prime factors of y(4)?
2
Suppose -1269 = -17*x + 8*x. What are the prime factors of x?
3, 47
Let s(a) = -a**3 + 9*a**2 - 4*a + 8. Let u be s(8). Suppose 5*j - 10 = u. What are the prime factors of j?
2, 5
Let u(q) = -3*q - q - 5*q + 0*q - 4. List the prime factors of u(-2).
2, 7
Let f = 7 - 4. Suppose f*d + 12 = 5*d. What are the prime factors of d?
2, 3
Suppose m + 17 = 4*b + 4*m, -3*b = 4*m - 18. Suppose b*n + 2 - 6 = 0. What are the prime factors of n?
2
Let b be 0/(-1 - (1 + -3)). Let r(l) = -l + 12 + 9*l**2 - l**3 - 8*l**2 - 2*l**2. List the prime factors of r(b).
2, 3
Suppose -8*b + 10 + 902 = 0. What are the prime factors of b?
2, 3, 19
Let q(w) = 2*w**2 + 2*w + 2. Let t be q(-2). Suppose t*v - 135 = v. List the prime factors of v.
3
What are the prime factors of 8904/60 - (-2)/(-5)?
2, 37
Suppose 2*v - v = -3, 4*v = 4*g - 252. What are the prime factors of g?
2, 3, 5
Let q = 7 - 4. Suppose 0 = q*m - 30. What are the prime factors of m?
2, 5
Let x = -4 + 7. Suppose -2*f = j - 0*j - 3, x*j - 4*f - 9 = 0. List the prime factors of j.
3
Suppose -5*n = -3*k - 626, k = -5*n + 2*k + 632. What are the prime factors of n?
127
Suppose -57*m - 157 = -58*m. List the prime factors of m.
157
Suppose -2*c + 292 + 92 = 0. What are the prime factors of c?
2, 3
Suppose 14*r - 11*r - 54 = 0. List the prime factors of r.
2, 3
Let p be 45/6 - 1/(-2). Let v = 11 - p. Let l = v - -9. What are the prime factors of l?
2, 3
Suppose 0 = -0*z + 2*z - 8. Let x = -10 + z. Let y = 4 - x. What are the prime factors of y?
2, 5
Suppose 10*n = 9*n + 45. W